907.
3, 73, 70753
What are the prime factors of 15717014?
2, 29, 101, 2683
What are the prime factors of 1947862?
2, 7, 139133
What are the prime factors of 1708142?
2, 37, 41, 563
What are the prime factors of 7255366?
2, 3627683
What are the prime factors of 9559008?
2, 3, 33191
What are the prime factors of 3312648?
2, 3, 139, 331
List the prime factors of 121457.
7, 17351
What are the prime factors of 1866754?
2, 67, 13931
What are the prime factors of 2070692?
2, 13, 39821
List the prime factors of 6835864.
2, 7, 122069
List the prime factors of 4539703.
7, 92647
List the prime factors of 2330833.
2330833
What are the prime factors of 12673127?
47, 269641
What are the prime factors of 252312?
2, 3, 10513
List the prime factors of 194528.
2, 6079
What are the prime factors of 1812298?
2, 73, 12413
What are the prime factors of 140769?
3, 15641
What are the prime factors of 21765719?
21765719
What are the prime factors of 257557?
37, 6961
List the prime factors of 3500506.
2, 1750253
What are the prime factors of 322544?
2, 19, 1061
List the prime factors of 18953537.
18953537
List the prime factors of 2124858.
2, 3, 354143
List the prime factors of 158301.
3, 11, 13, 41
List the prime factors of 600491.
17, 35323
List the prime factors of 640931.
263, 2437
List the prime factors of 4348174.
2, 1409, 1543
List the prime factors of 2194997.
7, 313571
What are the prime factors of 685194?
2, 3, 114199
What are the prime factors of 39094?
2, 11, 1777
What are the prime factors of 282581?
13, 21737
What are the prime factors of 93650?
2, 5, 1873
List the prime factors of 8042418.
2, 3, 277, 1613
What are the prime factors of 34082827?
19, 1793833
List the prime factors of 14340739.
7, 2048677
List the prime factors of 843190.
2, 5, 84319
List the prime factors of 209582.
2, 43, 2437
List the prime factors of 1578547.
193, 8179
What are the prime factors of 49400?
2, 5, 13, 19
What are the prime factors of 2827373?
113, 131, 191
What are the prime factors of 456592?
2, 28537
List the prime factors of 4922365.
5, 7, 140639
List the prime factors of 3102301.
19, 67, 2437
List the prime factors of 30395120.
2, 5, 7, 54277
What are the prime factors of 1792748?
2, 448187
What are the prime factors of 412631?
449, 919
What are the prime factors of 129302?
2, 17, 3803
List the prime factors of 555957.
3, 59, 349
What are the prime factors of 2935151?
149, 19699
What are the prime factors of 349824?
2, 3, 911
List the prime factors of 9332875.
5, 197, 379
List the prime factors of 1347869.
23, 58603
List the prime factors of 4557003.
3, 11, 17, 8123
What are the prime factors of 585500?
2, 5, 1171
What are the prime factors of 122558?
2, 233, 263
What are the prime factors of 976737?
3, 53, 6143
List the prime factors of 769981.
17, 45293
What are the prime factors of 1501792?
2, 71, 661
List the prime factors of 1205936.
2, 23, 29, 113
What are the prime factors of 239954?
2, 11, 13, 839
List the prime factors of 908715.
3, 5, 29, 2089
List the prime factors of 148387.
148387
List the prime factors of 5870758.
2, 2935379
List the prime factors of 7038603.
3, 11, 13, 1823
List the prime factors of 869175.
3, 5, 3863
What are the prime factors of 2980313?
7, 37, 311
What are the prime factors of 1634971?
13, 31, 4057
List the prime factors of 75771.
3, 8419
What are the prime factors of 1867768?
2, 7, 33353
What are the prime factors of 410505?
3, 5, 27367
List the prime factors of 827583.
3, 19, 14519
What are the prime factors of 354365?
5, 11, 17, 379
What are the prime factors of 727392?
2, 3, 7577
What are the prime factors of 2611441?
7, 373063
List the prime factors of 1120792.
2, 29, 4831
List the prime factors of 579023.
579023
What are the prime factors of 20649023?
181, 114083
What are the prime factors of 6063721?
6063721
What are the prime factors of 5486600?
2, 5, 7, 3919
List the prime factors of 14118835.
5, 43, 97, 677
What are the prime factors of 10598373?
3, 31, 37987
List the prime factors of 440398.
2, 7, 83, 379
What are the prime factors of 3799433?
11, 47, 7349
What are the prime factors of 962113?
23, 59, 709
List the prime factors of 6063499.
13, 466423
List the prime factors of 336536.
2, 23, 31, 59
List the prime factors of 30512.
2, 1907
List the prime factors of 84681.
3, 97
What are the prime factors of 3050745?
3, 5, 203383
What are the prime factors of 724878?
2, 3, 7, 11, 523
List the prime factors of 3207838.
2, 1603919
List the prime factors of 1320678.
2, 3, 37, 661
List the prime factors of 1478422.
2, 11, 17, 59, 67
List the prime factors of 30293555.
5, 191, 31721
List the prime factors of 5796457.
37, 41, 3821
What are the prime factors of 275555?
5, 7, 7873
List the prime factors of 827877.
3, 163, 1693
List the prime factors of 23735201.
7, 3390743
What are the prime factors of 8965996?
2, 13, 172423
What are the prime factors of 3169980?
2, 3, 5, 11, 1601
What are the prime factors of 17581543?
7, 223, 1609
What are the prime factors of 3397532?
2, 849383
List the prime factors of 232093.
23, 10091
List the prime factors of 440067.
3, 383
What are the prime factors of 603190?
2, 5, 7, 1231
List the prime factors of 16242972.
2, 3, 1353581
List the prime factors of 14231069.
373, 38153
What are the prime factors of 917515?
5, 183503
What are the prime factors of 194846?
2, 97423
What are the prime factors of 146781?
3, 47, 347
List the prime factors of 13443612.
2, 3, 7, 13, 947
List the prime factors of 23862584.
2, 2982823
List the prime factors of 164085.
3, 5, 10939
List the prime factors of 827513.
647, 1279
What are the prime factors of 10713553?
17, 73, 89, 97
What are the prime factors of 224750?
2, 5, 29, 31
List the prime factors of 338670.
2, 3, 5, 53, 71
What are the prime factors of 2352674?
2, 269, 4373
What are the prime factors of 38382?
2, 3, 6397
List the prime factors of 365436.
2, 3, 10151
List the prime factors of 90527.
90527
List the prime factors of 6678038.
2, 3339019
What are the prime factors of 17824699?
181, 98479
What are the prime factors of 1335484?
2, 333871
List the prime factors of 4319385.
3, 5, 7, 31, 1327
What are the prime factors of 36241?
36241
What are the prime factors of 149511?
3, 19, 43, 61
What are the prime factors of 963891?
3, 107099
What are the prime factors of 7141532?
2, 31, 57593
What are the prime factors of 219912?
2, 3, 7, 11, 17
List the prime factors of 354750.
2, 3, 5, 11, 43
What are the prime factors of 1784768?
2, 79, 353
What are the prime factors of 418701?
3, 233, 599
List the prime factors of 71502.
2, 3, 17, 701
What are the prime factors of 395698?
2, 53, 3733
What are the prime factors of 9562219?
9562219
List the prime factors of 485788.
2, 121447
List the prime factors of 11556995.
5, 73, 31663
What are the prime factors of 3281959?
29, 113171
What are the prime factors of 7115892?
2, 3, 7, 84713
What are the prime factors of 6104414?
2, 1579, 1933
List the prime factors of 24266079.
3, 103, 26177
What are the prime factors of 405497?
405497
List the prime factors of 822200.
2, 5, 4111
What are the prime factors of 99303?
3, 79, 419
List the prime factors of 11019972.
2, 3, 53, 17327
List the prime factors of 7703999.
7703999
What are the prime factors of 4396078?
2, 2198039
What are the prime factors of 18482?
2, 9241
What are the prime factors of 2912777?
7, 43, 9677
What are the prime factors of 22059?
3, 19, 43
List the prime factors of 11150870.
2, 5, 1049, 1063
What are the prime factors of 9084476?
2, 2271119
List the prime factors of 125072.
2, 7817
List the prime factors of 894417.
3, 443, 673
List the prime factors of 20088777.
3, 6696259
What are the prime factors of 4945848?
2, 3, 206077
List the prime factors of 13135175.
5, 19, 27653
What are the prime factors of 871640?
2, 5, 7, 11, 283
List the prime factors of 851457.
3, 463, 613
List the prime factors of 279376.
2, 19, 919
What are the prime factors of 240170?
2, 5, 7, 47, 73
List the prime factors of 338469.
3, 257, 439
List the prime factors of 30436784.
2, 7, 19, 14303
What are the prime factors of 4878269?
11, 17, 19, 1373
List the prime factors of 702396.
2, 3, 109, 179
What are the prime factors of 662093?
19, 34847
What are the prime factors of 18756508?
2, 1